)?
3
Let x(u) = 3*u**2 + 1. What is the units digit of x(1)?
4
Suppose 0 = -f + 2*k - 10, 4*f + 0*f + 20 = 4*k. Let w be (4 - f) + (-1 - -2). Suppose 3*b = -0*a - a + w, 2*a - 10 = -b. What is the units digit of a?
5
Let q = -1 + 0. Let b = q - -10. What is the units digit of b?
9
Suppose -3*f - 4 = -f, -3*a = 2*f - 98. Let x = a + -19. Suppose b = 5*l + x, -5*b = -3*l + l - 75. What is the units digit of b?
5
Let p(u) be the second derivative of -u**5/20 - 2*u**4/3 - u**3/3 + 7*u**2/2 - 5*u. What is the units digit of p(-8)?
3
Suppose 4*a - 8 = -5*h + 23, 3*h - 9 = 0. Suppose a = d + d. What is the units digit of d?
2
Suppose -3*p = -8*p. Let o be -1*4 + p + -1. Let l = 7 + o. What is the units digit of l?
2
Let v(s) = -s**3 + 12*s**2 - s + 13. Let m be v(12). Suppose 9 = 2*x + m. What is the units digit of x?
4
Suppose -12 = 7*c - 8*c. What is the tens digit of c?
1
Suppose -6*x + 34 = -4*x. What is the tens digit of x?
1
Suppose l + 3 = -3*b, 0 = -2*l - 2*b - 1 + 3. Suppose 0 = -l*v - 0*v - 5*i + 29, -5*v + 2*i = -100. What is the tens digit of v?
1
Let v(r) = -r**2 + r - 5. Let i be v(0). What is the units digit of (-83)/i + 22/55?
7
Suppose 2*z = -4 + 18. Let w(u) be the second derivative of -u**4/12 + 7*u**3/6 + 3*u**2 + u. What is the units digit of w(z)?
6
Suppose -d = -5*d - 3*p + 264, 2*d + 5*p = 146. What is the tens digit of d?
6
Let v(h) be the first derivative of 0*h + 1/3*h**3 - 2 + 1/2*h**2. What is the units digit of v(2)?
6
Let h = 3 - 3. Suppose -4*g + 9 + 27 = h. What is the units digit of g?
9
Suppose 0*u = 4*u - 120. What is the units digit of u?
0
Suppose 4*i + 182 = 6*i. What is the units digit of i?
1
Let q(z) = -z**3 + 12*z**2 + 7*z - 34. What is the tens digit of q(9)?
7
Let x(i) be the third derivative of -i**6/120 + i**5/10 + i**4/3 + 2*i**3/3 + 4*i**2. What is the units digit of x(7)?
1
Suppose -2496 = -13*x + x. What is the units digit of x?
8
Let m = 8 + 2. What is the tens digit of m?
1
Let g(r) = 2*r - 7. Let d be g(6). Let b be (-3)/15 + (-22)/(-10). Suppose -b*z - 4*m + 10 = 0, 5*z - d*m = -0*z + 25. What is the units digit of z?
5
Suppose -1 + 19 = 2*c. Suppose 3*a - c = 3. What is the units digit of a?
4
Let m(k) = 2*k**2 - 5*k - 2. What is the units digit of m(-3)?
1
Let b(f) = f - 5. Let k = 17 - 12. Let w be b(k). Let h(z) = z**3 + z**2 + 5. What is the units digit of h(w)?
5
Suppose -g + 16 = 4*m - 50, -10 = -5*g. What is the units digit of m?
6
Let f = 7 - 7. Let h(m) = -m**2 - m + 15. What is the tens digit of h(f)?
1
What is the units digit of -2*((-2)/(-9) - 8125/234)?
9
What is the tens digit of (-3 + -25 + 1)/(-1)?
2
Let o(k) = -k**2 + 6*k + 2. Let j(p) = p**2 - 7*p - 2. Let w(l) = 3*j(l) + 4*o(l). Let u be w(6). What is the units digit of 1/(-4) - 100/u?
6
Suppose 0 = -0*j + 3*j. Suppose k + 1 - 21 = -5*w, k - w - 20 = j. What is the units digit of k?
0
Suppose -5*o + 3 = 2*s, -18 = -3*s + 3*o - 3. What is the tens digit of (-6)/s*38/(-3)?
1
Let s = 315 - 144. What is the tens digit of s?
7
Let s(u) be the second derivative of -u**4/12 - 4*u**3/3 - 3*u**2 + u. Let b be s(-5). What is the units digit of 4/6 + 39/b?
5
Suppose -21*y + 1861 = -575. What is the hundreds digit of y?
1
Suppose -5*m = -3*m - 14. Let a(j) = j**2 - 6*j - 2. What is the units digit of a(m)?
5
Let x(y) = -y**2 - 3*y + 1. Let f be x(-4). What is the units digit of f + 1 + 0 + 4?
2
Let n(t) = t**3 + 13*t**2 - 14*t + 53. What is the units digit of n(-14)?
3
Suppose 0 = 2*q + 19 + 45. What is the units digit of (-33)/(-4) + 8/q?
8
Suppose -14*t + 9*t + 20 = 0. Suppose -6*o + t*o + 78 = 0. What is the tens digit of o?
3
Suppose 5*v + 102 - 437 = 0. What is the tens digit of v?
6
Let b be (-12)/(-20) - 142/(-5). Let i = 53 - b. What is the tens digit of i?
2
Let d be (-3 - -2)*(-78)/(-2). Let i = d - -66. What is the tens digit of i?
2
Let l = 6 - 4. Let i(k) = 3 + 2*k**l + 2*k**2 + 2*k + 1 - 2*k**2. What is the tens digit of i(-3)?
1
Suppose 0 = 4*i - i - 2*r - 544, 0 = 2*i - 4*r - 360. What is the tens digit of i?
8
Suppose -4*p + 5 + 11 = 0. Suppose 6*x + 3*z = 3*x + 54, -4*z - 48 = -p*x. What is the units digit of x?
5
Let u(h) = 74*h**3 + h**2 + 2*h + 1. Let v be u(-1). Let q = v + 224. What is the tens digit of (-2)/3 - q/(-9)?
1
Let q be 1/(-2*3/(-36)). Suppose -k = -l - 3, -3*k - q*l + l = -33. Let w = k - -1. What is the units digit of w?
7
Let t be (-6)/(-39) - 50/(-13). Suppose 0 = -t*h - h, -3*w = 3*h - 30. What is the units digit of w?
0
Let h(m) = -m**2 + 6*m - 3. Let r be h(5). Let d = 22 + r. What is the tens digit of d?
2
Suppose 0*s - s = -37. Suppose -5*t = -3*a + 115, -3*a + t + 132 - s = 0. Let b = a + -19. What is the tens digit of b?
1
Let s(y) = 4*y**2 - 3*y + 47. What is the hundreds digit of s(8)?
2
What is the tens digit of 30*(5 + -8 + 4)?
3
Let b(h) = 2*h - 2. Let a be b(-2). Let q(y) = y**3 + 7*y**2 + 4*y - 5. What is the units digit of q(a)?
7
Suppose -5*d = 5*r - 45, 2*r - d - 3 = 2*d. Let h be (-6)/(-8)*(4 - 0). Suppose -l + 3*j = -r, -h*l + 7 = -4*j - 11. What is the units digit of l?
6
Let r = 59 - 41. What is the tens digit of 106/6 - 12/r?
1
Let u = 48 + -20. What is the tens digit of u?
2
Let q = 6 + -9. Let f = 4 - q. What is the units digit of f?
7
Let n = 8 - 2. Let l = -3 + n. Suppose 0 = l*q - 21. What is the units digit of q?
7
Let l be (-22)/(-8) - (-4)/16. Suppose -l*f - 3 - 3 = t, 0 = 4*f. Let a = t + 17. What is the units digit of a?
1
Let o be (7/(-14))/((-1)/(-124)). What is the tens digit of 3*o/(-6) - 3?
2
Suppose -2*q + 4 + 0 = 0. Suppose -i - 23 = -q*y, i + 23 = 3*y - 9. What is the units digit of y?
9
Suppose 12 + 0 = 2*y. Suppose -3*q + y*q - 4*u = 30, 0 = -2*q + 2*u + 22. Let l = q + -9. What is the units digit of l?
5
Let x be (-2)/(-3) + 8/6. Let a(s) = s**3 + 2*s**2 + 5 - x*s**2 + s**2. What is the units digit of a(0)?
5
Let u(x) = 5*x + 1. Let v be u(3). Suppose c = 2*c - v. What is the units digit of c?
6
Suppose 50 = 5*d - 4*d. What is the tens digit of d?
5
Let w be 6/(-9) - 357/(-9). Let r be ((-7)/21)/((-1)/w). Suppose -2*c + 15 = -h, 2*c + 2*h - 11 = r. What is the units digit of c?
9
Let m(j) = -j**3 - j - 7. Let g be m(0). Let v(i) = i**3 + 6*i**2 - 7*i + 5. What is the units digit of v(g)?
5
Suppose -421 + 52 = -9*g. What is the units digit of g?
1
Let v be (-10)/(-25) + (-18)/(-5). Suppose 0 = v*t - t - 24. What is the units digit of t?
8
What is the tens digit of 26 - 9/(18/4)?
2
Suppose 1602 = 7*m + 2*m. What is the hundreds digit of m?
1
Suppose 5*h - 11 = 4. Suppose i - 14 = -p, 4*i - h*i - 50 = -5*p. What is the units digit of p?
9
Let y(u) = -u**3 - 6*u**2 - 8*u - 6. What is the units digit of y(-6)?
2
Let w be 1 + -3 + 1 + 1. Suppose -3*b + w*b = -30. What is the tens digit of b?
1
Let s = -41 - -88. Suppose 3*w + 3*p - 131 = 5*p, -s = -w + 4*p. What is the units digit of w?
3
Let i = 140 - 90. What is the units digit of i?
0
Suppose p + 2*p = 162. What is the units digit of p?
4
Let q = -142 + 208. What is the units digit of q?
6
Let u = 97 - 57. What is the tens digit of u?
4
Let n = -22 + 19. Let o(u) = u + 1. Let j be o(-3). Let a = j - n. What is the units digit of a?
1
Suppose b - 53 = -0. Let p = 48 - 80. Let s = p + b. What is the tens digit of s?
2
Let c = 33 + 33. What is the tens digit of c?
6
Let k = 183 + -118. What is the units digit of k?
5
Suppose d + 6 = 2. Let c(z) = z**2 - 5*z + 2. What is the tens digit of c(d)?
3
Suppose -10*w + 498 = -52. What is the units digit of w?
5
Let s(h) be the third derivative of -h**4/24 - h**3/3 - 2*h**2. What is the units digit of s(-4)?
2
Let n(k) = -10*k - 5. Let u be n(-6). Let q = u + -30. What is the units digit of q?
5
Suppose -2*b + 55 = 3*b. What is the units digit of b?
1
Let y(r) = 2*r - 1. Let s be y(3). Suppose 2*f - 8 = -3*p + 1, 0 = s*f. What is the units digit of p?
3
Suppose 0 = 60*n - 59*n - 7. What is the units digit of n?
7
Let b be 8/(-36) - (-58)/18. Suppose 2*v + b*v + 3*i - 58 = 0, -2*v + i + 32 = 0. What is the units digit of 4/v - (-5)/7?
1
Suppose 9 = -2*o - 5*i, -o + 10 = -4*o - 4*i. Let w be o/(-4) - (-20)/8. Suppose -2*c = w*c - 15. What is the units digit of c?
3
Let g(p) = p**3 + 8*p**2 + p. Let z be g(-8). Let a = z + 6. What is the tens digit of 100/8 - a/(-4)?
1
Su